{"id":575421,"date":"2025-03-18T08:50:14","date_gmt":"2025-03-18T07:50:14","guid":{"rendered":"https:\/\/stylestore.com\/deu\/product\/wblgala-blue-denim-bermuda\/"},"modified":"2026-04-23T08:05:03","modified_gmt":"2026-04-23T06:05:03","slug":"wblgala-blue-denim-bermuda","status":"publish","type":"product","link":"https:\/\/stylestore.com\/deu\/product\/wblgala-blue-denim-bermuda\/","title":{"rendered":"WBLGALA BLUE DENIM BERMUDA"},"content":{"rendered":"<p>Klassische Bermuda-Jeans<br \/>\nKein Stretch<br \/>\nNormale Taille<br \/>\nLockere Passform<br \/>\nWeite Beine<br \/>\nAbgerundete Vordertaschen und M\u00fcnztasche<br \/>\nPasse auf dem R\u00fccken<br \/>\nN\u00e4hte an den Ges\u00e4\u00dftaschen<br \/>\nL\u00e4nge bis zum Knie<br \/>\nTaillenbund mit G\u00fcrtelschlaufen<br \/>\nSchlie\u00dft mit Knopf und Rei\u00dfverschluss<\/p>\n","protected":false},"excerpt":{"rendered":"","protected":false},"featured_media":575427,"template":"","meta":{"_acf_changed":false},"product_brand":[],"product_cat":[128,130],"product_tag":[1871],"class_list":{"0":"post-575421","1":"product","2":"type-product","3":"status-publish","4":"has-post-thumbnail","6":"product_cat-hosen","7":"product_cat-shorts","8":"product_tag-b2b","9":"pa_brand-withblack","10":"pa_collection-scandinavi","11":"pa_color-summer-blue","14":"instock","15":"taxable","16":"shipping-taxable","17":"purchasable","18":"product-type-variable"},"acf":[],"yoast_head":"<!-- This site is optimized with the Yoast SEO plugin v23.8 - https:\/\/yoast.com\/wordpress\/plugins\/seo\/ -->\n<title>WBLGALA BLUE DENIM BERMUDA &#187; Stylestore.com Germany<\/title>\n<meta name=\"description\" content=\"Zeitlose Denim-Bermuda-Shorts mit entspannter Passform und regul\u00e4rer Taille. Mit weitem Bein, praktischen Taschen und klassischen Denim-Details. Der Knopfverschluss, der Rei\u00dfverschluss und die G\u00fcrtelschlaufen sorgen f\u00fcr einen stilvollen Look.\" \/>\n<meta name=\"robots\" content=\"index, follow, max-snippet:-1, max-image-preview:large, max-video-preview:-1\" \/>\n<link rel=\"canonical\" href=\"https:\/\/stylestore.com\/deu\/product\/wblgala-blue-denim-bermuda\/\" \/>\n<meta property=\"og:locale\" content=\"de_DE\" \/>\n<meta property=\"og:type\" content=\"article\" \/>\n<meta property=\"og:title\" content=\"WBLGALA BLUE DENIM BERMUDA &#187; Stylestore.com Germany\" \/>\n<meta property=\"og:description\" content=\"Zeitlose Denim-Bermuda-Shorts mit entspannter Passform und regul\u00e4rer Taille. Mit weitem Bein, praktischen Taschen und klassischen Denim-Details. Der Knopfverschluss, der Rei\u00dfverschluss und die G\u00fcrtelschlaufen sorgen f\u00fcr einen stilvollen Look.\" \/>\n<meta property=\"og:url\" content=\"https:\/\/stylestore.com\/deu\/product\/wblgala-blue-denim-bermuda\/\" \/>\n<meta property=\"og:site_name\" content=\"Stylestore.com Germany\" \/>\n<meta property=\"article:modified_time\" content=\"2026-04-23T06:05:03+00:00\" \/>\n<meta property=\"og:image\" content=\"https:\/\/stylestore.com\/deu\/wp-content\/uploads\/sites\/4\/2025\/03\/Wblgala_Long_Denim_Bermuda_Summer_Blue.jpg\" \/>\n\t<meta property=\"og:image:width\" content=\"1482\" \/>\n\t<meta property=\"og:image:height\" content=\"2222\" \/>\n\t<meta property=\"og:image:type\" content=\"image\/jpeg\" \/>\n<meta name=\"twitter:card\" content=\"summary_large_image\" \/>\n<script type=\"application\/ld+json\" class=\"yoast-schema-graph\">{\"@context\":\"https:\/\/schema.org\",\"@graph\":[{\"@type\":\"WebPage\",\"@id\":\"https:\/\/stylestore.com\/deu\/product\/wblgala-blue-denim-bermuda\/\",\"url\":\"https:\/\/stylestore.com\/deu\/product\/wblgala-blue-denim-bermuda\/\",\"name\":\"WBLGALA BLUE DENIM BERMUDA &#187; Stylestore.com Germany\",\"isPartOf\":{\"@id\":\"https:\/\/stylestore.com\/deu\/#website\"},\"primaryImageOfPage\":{\"@id\":\"https:\/\/stylestore.com\/deu\/product\/wblgala-blue-denim-bermuda\/#primaryimage\"},\"image\":{\"@id\":\"https:\/\/stylestore.com\/deu\/product\/wblgala-blue-denim-bermuda\/#primaryimage\"},\"thumbnailUrl\":\"https:\/\/stylestore.com\/deu\/wp-content\/uploads\/sites\/4\/2025\/03\/Wblgala_Long_Denim_Bermuda_Summer_Blue.jpg\",\"datePublished\":\"2025-03-18T07:50:14+00:00\",\"dateModified\":\"2026-04-23T06:05:03+00:00\",\"description\":\"Zeitlose Denim-Bermuda-Shorts mit entspannter Passform und regul\u00e4rer Taille. Mit weitem Bein, praktischen Taschen und klassischen Denim-Details. Der Knopfverschluss, der Rei\u00dfverschluss und die G\u00fcrtelschlaufen sorgen f\u00fcr einen stilvollen Look.\",\"breadcrumb\":{\"@id\":\"https:\/\/stylestore.com\/deu\/product\/wblgala-blue-denim-bermuda\/#breadcrumb\"},\"inLanguage\":\"de\",\"potentialAction\":[{\"@type\":\"ReadAction\",\"target\":[\"https:\/\/stylestore.com\/deu\/product\/wblgala-blue-denim-bermuda\/\"]}]},{\"@type\":\"ImageObject\",\"inLanguage\":\"de\",\"@id\":\"https:\/\/stylestore.com\/deu\/product\/wblgala-blue-denim-bermuda\/#primaryimage\",\"url\":\"https:\/\/stylestore.com\/deu\/wp-content\/uploads\/sites\/4\/2025\/03\/Wblgala_Long_Denim_Bermuda_Summer_Blue.jpg\",\"contentUrl\":\"https:\/\/stylestore.com\/deu\/wp-content\/uploads\/sites\/4\/2025\/03\/Wblgala_Long_Denim_Bermuda_Summer_Blue.jpg\",\"width\":1482,\"height\":2222},{\"@type\":\"BreadcrumbList\",\"@id\":\"https:\/\/stylestore.com\/deu\/product\/wblgala-blue-denim-bermuda\/#breadcrumb\",\"itemListElement\":[{\"@type\":\"ListItem\",\"position\":1,\"name\":\"Search\",\"item\":\"https:\/\/stylestore.com\/deu\/search\/\"},{\"@type\":\"ListItem\",\"position\":2,\"name\":\"WBLGALA BLUE DENIM BERMUDA\"}]},{\"@type\":\"WebSite\",\"@id\":\"https:\/\/stylestore.com\/deu\/#website\",\"url\":\"https:\/\/stylestore.com\/deu\/\",\"name\":\"Stylestore.com Germany\",\"description\":\"\",\"potentialAction\":[{\"@type\":\"SearchAction\",\"target\":{\"@type\":\"EntryPoint\",\"urlTemplate\":\"https:\/\/stylestore.com\/deu\/?s={search_term_string}\"},\"query-input\":{\"@type\":\"PropertyValueSpecification\",\"valueRequired\":true,\"valueName\":\"search_term_string\"}}],\"inLanguage\":\"de\"}]}<\/script>\n<!-- \/ Yoast SEO plugin. -->","yoast_head_json":{"title":"WBLGALA BLUE DENIM BERMUDA &#187; Stylestore.com Germany","description":"Zeitlose Denim-Bermuda-Shorts mit entspannter Passform und regul\u00e4rer Taille. Mit weitem Bein, praktischen Taschen und klassischen Denim-Details. Der Knopfverschluss, der Rei\u00dfverschluss und die G\u00fcrtelschlaufen sorgen f\u00fcr einen stilvollen Look.","robots":{"index":"index","follow":"follow","max-snippet":"max-snippet:-1","max-image-preview":"max-image-preview:large","max-video-preview":"max-video-preview:-1"},"canonical":"https:\/\/stylestore.com\/deu\/product\/wblgala-blue-denim-bermuda\/","og_locale":"de_DE","og_type":"article","og_title":"WBLGALA BLUE DENIM BERMUDA &#187; Stylestore.com Germany","og_description":"Zeitlose Denim-Bermuda-Shorts mit entspannter Passform und regul\u00e4rer Taille. Mit weitem Bein, praktischen Taschen und klassischen Denim-Details. Der Knopfverschluss, der Rei\u00dfverschluss und die G\u00fcrtelschlaufen sorgen f\u00fcr einen stilvollen Look.","og_url":"https:\/\/stylestore.com\/deu\/product\/wblgala-blue-denim-bermuda\/","og_site_name":"Stylestore.com Germany","article_modified_time":"2026-04-23T06:05:03+00:00","og_image":[{"width":1482,"height":2222,"url":"https:\/\/stylestore.com\/deu\/wp-content\/uploads\/sites\/4\/2025\/03\/Wblgala_Long_Denim_Bermuda_Summer_Blue.jpg","type":"image\/jpeg"}],"twitter_card":"summary_large_image","schema":{"@context":"https:\/\/schema.org","@graph":[{"@type":"WebPage","@id":"https:\/\/stylestore.com\/deu\/product\/wblgala-blue-denim-bermuda\/","url":"https:\/\/stylestore.com\/deu\/product\/wblgala-blue-denim-bermuda\/","name":"WBLGALA BLUE DENIM BERMUDA &#187; Stylestore.com Germany","isPartOf":{"@id":"https:\/\/stylestore.com\/deu\/#website"},"primaryImageOfPage":{"@id":"https:\/\/stylestore.com\/deu\/product\/wblgala-blue-denim-bermuda\/#primaryimage"},"image":{"@id":"https:\/\/stylestore.com\/deu\/product\/wblgala-blue-denim-bermuda\/#primaryimage"},"thumbnailUrl":"https:\/\/stylestore.com\/deu\/wp-content\/uploads\/sites\/4\/2025\/03\/Wblgala_Long_Denim_Bermuda_Summer_Blue.jpg","datePublished":"2025-03-18T07:50:14+00:00","dateModified":"2026-04-23T06:05:03+00:00","description":"Zeitlose Denim-Bermuda-Shorts mit entspannter Passform und regul\u00e4rer Taille. Mit weitem Bein, praktischen Taschen und klassischen Denim-Details. Der Knopfverschluss, der Rei\u00dfverschluss und die G\u00fcrtelschlaufen sorgen f\u00fcr einen stilvollen Look.","breadcrumb":{"@id":"https:\/\/stylestore.com\/deu\/product\/wblgala-blue-denim-bermuda\/#breadcrumb"},"inLanguage":"de","potentialAction":[{"@type":"ReadAction","target":["https:\/\/stylestore.com\/deu\/product\/wblgala-blue-denim-bermuda\/"]}]},{"@type":"ImageObject","inLanguage":"de","@id":"https:\/\/stylestore.com\/deu\/product\/wblgala-blue-denim-bermuda\/#primaryimage","url":"https:\/\/stylestore.com\/deu\/wp-content\/uploads\/sites\/4\/2025\/03\/Wblgala_Long_Denim_Bermuda_Summer_Blue.jpg","contentUrl":"https:\/\/stylestore.com\/deu\/wp-content\/uploads\/sites\/4\/2025\/03\/Wblgala_Long_Denim_Bermuda_Summer_Blue.jpg","width":1482,"height":2222},{"@type":"BreadcrumbList","@id":"https:\/\/stylestore.com\/deu\/product\/wblgala-blue-denim-bermuda\/#breadcrumb","itemListElement":[{"@type":"ListItem","position":1,"name":"Search","item":"https:\/\/stylestore.com\/deu\/search\/"},{"@type":"ListItem","position":2,"name":"WBLGALA BLUE DENIM BERMUDA"}]},{"@type":"WebSite","@id":"https:\/\/stylestore.com\/deu\/#website","url":"https:\/\/stylestore.com\/deu\/","name":"Stylestore.com Germany","description":"","potentialAction":[{"@type":"SearchAction","target":{"@type":"EntryPoint","urlTemplate":"https:\/\/stylestore.com\/deu\/?s={search_term_string}"},"query-input":{"@type":"PropertyValueSpecification","valueRequired":true,"valueName":"search_term_string"}}],"inLanguage":"de"}]}},"_links":{"self":[{"href":"https:\/\/stylestore.com\/deu\/wp-json\/wp\/v2\/product\/575421","targetHints":{"allow":["GET"]}}],"collection":[{"href":"https:\/\/stylestore.com\/deu\/wp-json\/wp\/v2\/product"}],"about":[{"href":"https:\/\/stylestore.com\/deu\/wp-json\/wp\/v2\/types\/product"}],"wp:featuredmedia":[{"embeddable":true,"href":"https:\/\/stylestore.com\/deu\/wp-json\/wp\/v2\/media\/575427"}],"wp:attachment":[{"href":"https:\/\/stylestore.com\/deu\/wp-json\/wp\/v2\/media?parent=575421"}],"wp:term":[{"taxonomy":"product_brand","embeddable":true,"href":"https:\/\/stylestore.com\/deu\/wp-json\/wp\/v2\/product_brand?post=575421"},{"taxonomy":"product_cat","embeddable":true,"href":"https:\/\/stylestore.com\/deu\/wp-json\/wp\/v2\/product_cat?post=575421"},{"taxonomy":"product_tag","embeddable":true,"href":"https:\/\/stylestore.com\/deu\/wp-json\/wp\/v2\/product_tag?post=575421"}],"curies":[{"name":"wp","href":"https:\/\/api.w.org\/{rel}","templated":true}]}}