{"id":566910,"date":"2024-12-11T15:48:15","date_gmt":"2024-12-11T14:48:15","guid":{"rendered":"https:\/\/stylestore.com\/deu\/product\/wblgrazie-half-sleeve-top-2\/"},"modified":"2026-04-14T08:05:25","modified_gmt":"2026-04-14T06:05:25","slug":"wblgrazie-half-sleeve-top-2","status":"publish","type":"product","link":"https:\/\/stylestore.com\/deu\/product\/wblgrazie-half-sleeve-top-2\/","title":{"rendered":"WBLGRAZIE HALF SLEEVE TOP"},"content":{"rendered":"<p>Shirt aus Baumwolle<br \/>\nSchmaler Kragen<br \/>\nKnopfleiste<br \/>\nFemininer Knit-Effekt am Halsausschnitt und an den \u00c4rmelb\u00fcndchen<br \/>\nRaglan\u00e4rmel<br \/>\nSchmale Manschetten mit Knopf<br \/>\nH\u00fcftl\u00e4nge<br \/>\nNormale Passform<br \/>\nLeicht geschwungener Saum<\/p>\n<p>Das Model ist 172 cm gro\u00df und tr\u00e4gt Gr\u00f6\u00dfe S<br \/>\nDas Produkt f\u00e4llt normal aus<\/p>\n","protected":false},"excerpt":{"rendered":"PREORDER AW25 | VORBESTELLUNGSSCHLUSS 28.02.2025","protected":false},"featured_media":593804,"template":"","meta":{"_acf_changed":false},"product_brand":[],"product_cat":[124,105],"product_tag":[1871],"class_list":{"0":"post-566910","1":"product","2":"type-product","3":"status-publish","4":"has-post-thumbnail","6":"product_cat-hemden","7":"product_cat-tops-must-haves","8":"product_tag-b2b","9":"pa_brand-withblack","10":"pa_collection-modern","11":"pa_color-white","14":"outofstock","15":"taxable","16":"shipping-taxable","17":"purchasable","18":"product-type-variable"},"acf":[],"yoast_head":"<!-- This site is optimized with the Yoast SEO plugin v23.8 - https:\/\/yoast.com\/wordpress\/plugins\/seo\/ -->\n<title>WBLGRAZIE HALF SLEEVE TOP &#187; Stylestore.com Germany<\/title>\n<meta name=\"robots\" content=\"index, follow, max-snippet:-1, max-image-preview:large, max-video-preview:-1\" \/>\n<link rel=\"canonical\" href=\"https:\/\/stylestore.com\/deu\/product\/wblgrazie-half-sleeve-top-2\/\" \/>\n<meta property=\"og:locale\" content=\"de_DE\" \/>\n<meta property=\"og:type\" content=\"article\" \/>\n<meta property=\"og:title\" content=\"WBLGRAZIE HALF SLEEVE TOP &#187; Stylestore.com Germany\" \/>\n<meta property=\"og:description\" content=\"PREORDER AW25 | VORBESTELLUNGSSCHLUSS 28.02.2025\" \/>\n<meta property=\"og:url\" content=\"https:\/\/stylestore.com\/deu\/product\/wblgrazie-half-sleeve-top-2\/\" \/>\n<meta property=\"og:site_name\" content=\"Stylestore.com Germany\" \/>\n<meta property=\"article:modified_time\" content=\"2026-04-14T06:05:25+00:00\" \/>\n<meta property=\"og:image\" content=\"https:\/\/stylestore.com\/deu\/wp-content\/uploads\/sites\/4\/2024\/12\/Wblgrazie_Half_Sleeve_Top_White-1-scaled.jpg\" \/>\n\t<meta property=\"og:image:width\" content=\"1707\" \/>\n\t<meta property=\"og:image:height\" content=\"2560\" \/>\n\t<meta property=\"og:image:type\" content=\"image\/jpeg\" \/>\n<meta name=\"twitter:card\" content=\"summary_large_image\" \/>\n<script type=\"application\/ld+json\" class=\"yoast-schema-graph\">{\"@context\":\"https:\/\/schema.org\",\"@graph\":[{\"@type\":\"WebPage\",\"@id\":\"https:\/\/stylestore.com\/deu\/product\/wblgrazie-half-sleeve-top-2\/\",\"url\":\"https:\/\/stylestore.com\/deu\/product\/wblgrazie-half-sleeve-top-2\/\",\"name\":\"WBLGRAZIE HALF SLEEVE TOP &#187; Stylestore.com Germany\",\"isPartOf\":{\"@id\":\"https:\/\/stylestore.com\/deu\/#website\"},\"primaryImageOfPage\":{\"@id\":\"https:\/\/stylestore.com\/deu\/product\/wblgrazie-half-sleeve-top-2\/#primaryimage\"},\"image\":{\"@id\":\"https:\/\/stylestore.com\/deu\/product\/wblgrazie-half-sleeve-top-2\/#primaryimage\"},\"thumbnailUrl\":\"https:\/\/stylestore.com\/deu\/wp-content\/uploads\/sites\/4\/2025\/09\/Wblgrazie_Shirt_White1-1-scaled.jpg\",\"datePublished\":\"2024-12-11T14:48:15+00:00\",\"dateModified\":\"2026-04-14T06:05:25+00:00\",\"breadcrumb\":{\"@id\":\"https:\/\/stylestore.com\/deu\/product\/wblgrazie-half-sleeve-top-2\/#breadcrumb\"},\"inLanguage\":\"de\",\"potentialAction\":[{\"@type\":\"ReadAction\",\"target\":[\"https:\/\/stylestore.com\/deu\/product\/wblgrazie-half-sleeve-top-2\/\"]}]},{\"@type\":\"ImageObject\",\"inLanguage\":\"de\",\"@id\":\"https:\/\/stylestore.com\/deu\/product\/wblgrazie-half-sleeve-top-2\/#primaryimage\",\"url\":\"https:\/\/stylestore.com\/deu\/wp-content\/uploads\/sites\/4\/2025\/09\/Wblgrazie_Shirt_White1-1-scaled.jpg\",\"contentUrl\":\"https:\/\/stylestore.com\/deu\/wp-content\/uploads\/sites\/4\/2025\/09\/Wblgrazie_Shirt_White1-1-scaled.jpg\",\"width\":1708,\"height\":2560},{\"@type\":\"BreadcrumbList\",\"@id\":\"https:\/\/stylestore.com\/deu\/product\/wblgrazie-half-sleeve-top-2\/#breadcrumb\",\"itemListElement\":[{\"@type\":\"ListItem\",\"position\":1,\"name\":\"Search\",\"item\":\"https:\/\/stylestore.com\/deu\/search\/\"},{\"@type\":\"ListItem\",\"position\":2,\"name\":\"WBLGRAZIE HALF SLEEVE TOP\"}]},{\"@type\":\"WebSite\",\"@id\":\"https:\/\/stylestore.com\/deu\/#website\",\"url\":\"https:\/\/stylestore.com\/deu\/\",\"name\":\"Stylestore.com Germany\",\"description\":\"\",\"potentialAction\":[{\"@type\":\"SearchAction\",\"target\":{\"@type\":\"EntryPoint\",\"urlTemplate\":\"https:\/\/stylestore.com\/deu\/?s={search_term_string}\"},\"query-input\":{\"@type\":\"PropertyValueSpecification\",\"valueRequired\":true,\"valueName\":\"search_term_string\"}}],\"inLanguage\":\"de\"}]}<\/script>\n<!-- \/ Yoast SEO plugin. -->","yoast_head_json":{"title":"WBLGRAZIE HALF SLEEVE TOP &#187; Stylestore.com Germany","robots":{"index":"index","follow":"follow","max-snippet":"max-snippet:-1","max-image-preview":"max-image-preview:large","max-video-preview":"max-video-preview:-1"},"canonical":"https:\/\/stylestore.com\/deu\/product\/wblgrazie-half-sleeve-top-2\/","og_locale":"de_DE","og_type":"article","og_title":"WBLGRAZIE HALF SLEEVE TOP &#187; Stylestore.com Germany","og_description":"PREORDER AW25 | VORBESTELLUNGSSCHLUSS 28.02.2025","og_url":"https:\/\/stylestore.com\/deu\/product\/wblgrazie-half-sleeve-top-2\/","og_site_name":"Stylestore.com Germany","article_modified_time":"2026-04-14T06:05:25+00:00","og_image":[{"width":1707,"height":2560,"url":"https:\/\/stylestore.com\/deu\/wp-content\/uploads\/sites\/4\/2024\/12\/Wblgrazie_Half_Sleeve_Top_White-1-scaled.jpg","type":"image\/jpeg"}],"twitter_card":"summary_large_image","schema":{"@context":"https:\/\/schema.org","@graph":[{"@type":"WebPage","@id":"https:\/\/stylestore.com\/deu\/product\/wblgrazie-half-sleeve-top-2\/","url":"https:\/\/stylestore.com\/deu\/product\/wblgrazie-half-sleeve-top-2\/","name":"WBLGRAZIE HALF SLEEVE TOP &#187; Stylestore.com Germany","isPartOf":{"@id":"https:\/\/stylestore.com\/deu\/#website"},"primaryImageOfPage":{"@id":"https:\/\/stylestore.com\/deu\/product\/wblgrazie-half-sleeve-top-2\/#primaryimage"},"image":{"@id":"https:\/\/stylestore.com\/deu\/product\/wblgrazie-half-sleeve-top-2\/#primaryimage"},"thumbnailUrl":"https:\/\/stylestore.com\/deu\/wp-content\/uploads\/sites\/4\/2025\/09\/Wblgrazie_Shirt_White1-1-scaled.jpg","datePublished":"2024-12-11T14:48:15+00:00","dateModified":"2026-04-14T06:05:25+00:00","breadcrumb":{"@id":"https:\/\/stylestore.com\/deu\/product\/wblgrazie-half-sleeve-top-2\/#breadcrumb"},"inLanguage":"de","potentialAction":[{"@type":"ReadAction","target":["https:\/\/stylestore.com\/deu\/product\/wblgrazie-half-sleeve-top-2\/"]}]},{"@type":"ImageObject","inLanguage":"de","@id":"https:\/\/stylestore.com\/deu\/product\/wblgrazie-half-sleeve-top-2\/#primaryimage","url":"https:\/\/stylestore.com\/deu\/wp-content\/uploads\/sites\/4\/2025\/09\/Wblgrazie_Shirt_White1-1-scaled.jpg","contentUrl":"https:\/\/stylestore.com\/deu\/wp-content\/uploads\/sites\/4\/2025\/09\/Wblgrazie_Shirt_White1-1-scaled.jpg","width":1708,"height":2560},{"@type":"BreadcrumbList","@id":"https:\/\/stylestore.com\/deu\/product\/wblgrazie-half-sleeve-top-2\/#breadcrumb","itemListElement":[{"@type":"ListItem","position":1,"name":"Search","item":"https:\/\/stylestore.com\/deu\/search\/"},{"@type":"ListItem","position":2,"name":"WBLGRAZIE HALF SLEEVE TOP"}]},{"@type":"WebSite","@id":"https:\/\/stylestore.com\/deu\/#website","url":"https:\/\/stylestore.com\/deu\/","name":"Stylestore.com Germany","description":"","potentialAction":[{"@type":"SearchAction","target":{"@type":"EntryPoint","urlTemplate":"https:\/\/stylestore.com\/deu\/?s={search_term_string}"},"query-input":{"@type":"PropertyValueSpecification","valueRequired":true,"valueName":"search_term_string"}}],"inLanguage":"de"}]}},"_links":{"self":[{"href":"https:\/\/stylestore.com\/deu\/wp-json\/wp\/v2\/product\/566910","targetHints":{"allow":["GET"]}}],"collection":[{"href":"https:\/\/stylestore.com\/deu\/wp-json\/wp\/v2\/product"}],"about":[{"href":"https:\/\/stylestore.com\/deu\/wp-json\/wp\/v2\/types\/product"}],"wp:featuredmedia":[{"embeddable":true,"href":"https:\/\/stylestore.com\/deu\/wp-json\/wp\/v2\/media\/593804"}],"wp:attachment":[{"href":"https:\/\/stylestore.com\/deu\/wp-json\/wp\/v2\/media?parent=566910"}],"wp:term":[{"taxonomy":"product_brand","embeddable":true,"href":"https:\/\/stylestore.com\/deu\/wp-json\/wp\/v2\/product_brand?post=566910"},{"taxonomy":"product_cat","embeddable":true,"href":"https:\/\/stylestore.com\/deu\/wp-json\/wp\/v2\/product_cat?post=566910"},{"taxonomy":"product_tag","embeddable":true,"href":"https:\/\/stylestore.com\/deu\/wp-json\/wp\/v2\/product_tag?post=566910"}],"curies":[{"name":"wp","href":"https:\/\/api.w.org\/{rel}","templated":true}]}}