{"id":565391,"date":"2024-11-29T14:39:40","date_gmt":"2024-11-29T13:39:40","guid":{"rendered":"https:\/\/stylestore.com\/deu\/product\/wblgala-grey-denim-bermuda\/"},"modified":"2026-04-23T08:05:14","modified_gmt":"2026-04-23T06:05:14","slug":"wblgala-grey-denim-bermuda","status":"publish","type":"product","link":"https:\/\/stylestore.com\/deu\/product\/wblgala-grey-denim-bermuda\/","title":{"rendered":"WBLGALA GREY DENIM BERMUDA"},"content":{"rendered":"<p>Klassische Jeans Bermuda<br \/>\nKein Stretch<br \/>\nNormale Taille<br \/>\nLockere Passform<br \/>\nWeite Beine<br \/>\nAbgerundete Vordertaschen und M\u00fcnztasche<br \/>\nPasse auf der R\u00fcckseite<br \/>\nAufgesetzte Ges\u00e4\u00dftaschen<br \/>\nKnielang<br \/>\nBund und G\u00fcrtelschlaufen<br \/>\nMit Knopf und Rei\u00dfverschluss zu schlie\u00dfen<\/p>\n","protected":false},"excerpt":{"rendered":"","protected":false},"featured_media":620528,"template":"","meta":{"_acf_changed":false},"product_brand":[],"product_cat":[128,130],"product_tag":[1871,1520],"class_list":{"0":"post-565391","1":"product","2":"type-product","3":"status-publish","4":"has-post-thumbnail","6":"product_cat-hosen","7":"product_cat-shorts","8":"product_tag-b2b","9":"product_tag-new","10":"pa_brand-withblack","11":"pa_collection-cosmopoli","12":"pa_color-spring-grey","15":"instock","16":"taxable","17":"shipping-taxable","18":"purchasable","19":"product-type-variable"},"acf":[],"yoast_head":"<!-- This site is optimized with the Yoast SEO plugin v23.8 - https:\/\/yoast.com\/wordpress\/plugins\/seo\/ -->\n<title>WBLGALA GREY DENIM BERMUDA &#187; Stylestore.com Germany<\/title>\n<meta name=\"description\" content=\"Klassische Bermuda-Shorts aus Denim mit lockerer Passform und normaler Taille f\u00fcr einen zeitlosen Look. Sie hat weite Beine, abgerundete Vordertaschen und aufgen\u00e4hte Ges\u00e4\u00dftaschen. Die Shorts werden mit Knopf und Rei\u00dfverschluss geschlossen und sind mit einem Bund und G\u00fcrtelschlaufen ausgestattet.\" \/>\n<meta name=\"robots\" content=\"index, follow, max-snippet:-1, max-image-preview:large, max-video-preview:-1\" \/>\n<link rel=\"canonical\" href=\"https:\/\/stylestore.com\/deu\/product\/wblgala-grey-denim-bermuda\/\" \/>\n<meta property=\"og:locale\" content=\"de_DE\" \/>\n<meta property=\"og:type\" content=\"article\" \/>\n<meta property=\"og:title\" content=\"WBLGALA GREY DENIM BERMUDA &#187; Stylestore.com Germany\" \/>\n<meta property=\"og:description\" content=\"Klassische Bermuda-Shorts aus Denim mit lockerer Passform und normaler Taille f\u00fcr einen zeitlosen Look. Sie hat weite Beine, abgerundete Vordertaschen und aufgen\u00e4hte Ges\u00e4\u00dftaschen. Die Shorts werden mit Knopf und Rei\u00dfverschluss geschlossen und sind mit einem Bund und G\u00fcrtelschlaufen ausgestattet.\" \/>\n<meta property=\"og:url\" content=\"https:\/\/stylestore.com\/deu\/product\/wblgala-grey-denim-bermuda\/\" \/>\n<meta property=\"og:site_name\" content=\"Stylestore.com Germany\" \/>\n<meta property=\"article:modified_time\" content=\"2026-04-23T06:05:14+00:00\" \/>\n<meta property=\"og:image\" content=\"https:\/\/stylestore.com\/deu\/wp-content\/uploads\/sites\/4\/2025\/03\/Wbljazz_Sl_Top_Black_Wblgala_Long_Denim_Bermuda_Spring_Grey1-2.jpg\" \/>\n\t<meta property=\"og:image:width\" content=\"901\" \/>\n\t<meta property=\"og:image:height\" content=\"1351\" \/>\n\t<meta property=\"og:image:type\" content=\"image\/jpeg\" \/>\n<meta name=\"twitter:card\" content=\"summary_large_image\" \/>\n<script type=\"application\/ld+json\" class=\"yoast-schema-graph\">{\"@context\":\"https:\/\/schema.org\",\"@graph\":[{\"@type\":\"WebPage\",\"@id\":\"https:\/\/stylestore.com\/deu\/product\/wblgala-grey-denim-bermuda\/\",\"url\":\"https:\/\/stylestore.com\/deu\/product\/wblgala-grey-denim-bermuda\/\",\"name\":\"WBLGALA GREY DENIM BERMUDA &#187; Stylestore.com Germany\",\"isPartOf\":{\"@id\":\"https:\/\/stylestore.com\/deu\/#website\"},\"primaryImageOfPage\":{\"@id\":\"https:\/\/stylestore.com\/deu\/product\/wblgala-grey-denim-bermuda\/#primaryimage\"},\"image\":{\"@id\":\"https:\/\/stylestore.com\/deu\/product\/wblgala-grey-denim-bermuda\/#primaryimage\"},\"thumbnailUrl\":\"https:\/\/stylestore.com\/deu\/wp-content\/uploads\/sites\/4\/2026\/03\/Wbljazz_Sl_Top_Black_Wblgala_Long_Denim_Bermuda_Spring_Grey1-3.jpg\",\"datePublished\":\"2024-11-29T13:39:40+00:00\",\"dateModified\":\"2026-04-23T06:05:14+00:00\",\"description\":\"Klassische Bermuda-Shorts aus Denim mit lockerer Passform und normaler Taille f\u00fcr einen zeitlosen Look. Sie hat weite Beine, abgerundete Vordertaschen und aufgen\u00e4hte Ges\u00e4\u00dftaschen. Die Shorts werden mit Knopf und Rei\u00dfverschluss geschlossen und sind mit einem Bund und G\u00fcrtelschlaufen ausgestattet.\",\"breadcrumb\":{\"@id\":\"https:\/\/stylestore.com\/deu\/product\/wblgala-grey-denim-bermuda\/#breadcrumb\"},\"inLanguage\":\"de\",\"potentialAction\":[{\"@type\":\"ReadAction\",\"target\":[\"https:\/\/stylestore.com\/deu\/product\/wblgala-grey-denim-bermuda\/\"]}]},{\"@type\":\"ImageObject\",\"inLanguage\":\"de\",\"@id\":\"https:\/\/stylestore.com\/deu\/product\/wblgala-grey-denim-bermuda\/#primaryimage\",\"url\":\"https:\/\/stylestore.com\/deu\/wp-content\/uploads\/sites\/4\/2026\/03\/Wbljazz_Sl_Top_Black_Wblgala_Long_Denim_Bermuda_Spring_Grey1-3.jpg\",\"contentUrl\":\"https:\/\/stylestore.com\/deu\/wp-content\/uploads\/sites\/4\/2026\/03\/Wbljazz_Sl_Top_Black_Wblgala_Long_Denim_Bermuda_Spring_Grey1-3.jpg\",\"width\":901,\"height\":1351},{\"@type\":\"BreadcrumbList\",\"@id\":\"https:\/\/stylestore.com\/deu\/product\/wblgala-grey-denim-bermuda\/#breadcrumb\",\"itemListElement\":[{\"@type\":\"ListItem\",\"position\":1,\"name\":\"Search\",\"item\":\"https:\/\/stylestore.com\/deu\/search\/\"},{\"@type\":\"ListItem\",\"position\":2,\"name\":\"WBLGALA GREY DENIM BERMUDA\"}]},{\"@type\":\"WebSite\",\"@id\":\"https:\/\/stylestore.com\/deu\/#website\",\"url\":\"https:\/\/stylestore.com\/deu\/\",\"name\":\"Stylestore.com Germany\",\"description\":\"\",\"potentialAction\":[{\"@type\":\"SearchAction\",\"target\":{\"@type\":\"EntryPoint\",\"urlTemplate\":\"https:\/\/stylestore.com\/deu\/?s={search_term_string}\"},\"query-input\":{\"@type\":\"PropertyValueSpecification\",\"valueRequired\":true,\"valueName\":\"search_term_string\"}}],\"inLanguage\":\"de\"}]}<\/script>\n<!-- \/ Yoast SEO plugin. -->","yoast_head_json":{"title":"WBLGALA GREY DENIM BERMUDA &#187; Stylestore.com Germany","description":"Klassische Bermuda-Shorts aus Denim mit lockerer Passform und normaler Taille f\u00fcr einen zeitlosen Look. Sie hat weite Beine, abgerundete Vordertaschen und aufgen\u00e4hte Ges\u00e4\u00dftaschen. Die Shorts werden mit Knopf und Rei\u00dfverschluss geschlossen und sind mit einem Bund und G\u00fcrtelschlaufen ausgestattet.","robots":{"index":"index","follow":"follow","max-snippet":"max-snippet:-1","max-image-preview":"max-image-preview:large","max-video-preview":"max-video-preview:-1"},"canonical":"https:\/\/stylestore.com\/deu\/product\/wblgala-grey-denim-bermuda\/","og_locale":"de_DE","og_type":"article","og_title":"WBLGALA GREY DENIM BERMUDA &#187; Stylestore.com Germany","og_description":"Klassische Bermuda-Shorts aus Denim mit lockerer Passform und normaler Taille f\u00fcr einen zeitlosen Look. Sie hat weite Beine, abgerundete Vordertaschen und aufgen\u00e4hte Ges\u00e4\u00dftaschen. Die Shorts werden mit Knopf und Rei\u00dfverschluss geschlossen und sind mit einem Bund und G\u00fcrtelschlaufen ausgestattet.","og_url":"https:\/\/stylestore.com\/deu\/product\/wblgala-grey-denim-bermuda\/","og_site_name":"Stylestore.com Germany","article_modified_time":"2026-04-23T06:05:14+00:00","og_image":[{"width":901,"height":1351,"url":"https:\/\/stylestore.com\/deu\/wp-content\/uploads\/sites\/4\/2025\/03\/Wbljazz_Sl_Top_Black_Wblgala_Long_Denim_Bermuda_Spring_Grey1-2.jpg","type":"image\/jpeg"}],"twitter_card":"summary_large_image","schema":{"@context":"https:\/\/schema.org","@graph":[{"@type":"WebPage","@id":"https:\/\/stylestore.com\/deu\/product\/wblgala-grey-denim-bermuda\/","url":"https:\/\/stylestore.com\/deu\/product\/wblgala-grey-denim-bermuda\/","name":"WBLGALA GREY DENIM BERMUDA &#187; Stylestore.com Germany","isPartOf":{"@id":"https:\/\/stylestore.com\/deu\/#website"},"primaryImageOfPage":{"@id":"https:\/\/stylestore.com\/deu\/product\/wblgala-grey-denim-bermuda\/#primaryimage"},"image":{"@id":"https:\/\/stylestore.com\/deu\/product\/wblgala-grey-denim-bermuda\/#primaryimage"},"thumbnailUrl":"https:\/\/stylestore.com\/deu\/wp-content\/uploads\/sites\/4\/2026\/03\/Wbljazz_Sl_Top_Black_Wblgala_Long_Denim_Bermuda_Spring_Grey1-3.jpg","datePublished":"2024-11-29T13:39:40+00:00","dateModified":"2026-04-23T06:05:14+00:00","description":"Klassische Bermuda-Shorts aus Denim mit lockerer Passform und normaler Taille f\u00fcr einen zeitlosen Look. Sie hat weite Beine, abgerundete Vordertaschen und aufgen\u00e4hte Ges\u00e4\u00dftaschen. Die Shorts werden mit Knopf und Rei\u00dfverschluss geschlossen und sind mit einem Bund und G\u00fcrtelschlaufen ausgestattet.","breadcrumb":{"@id":"https:\/\/stylestore.com\/deu\/product\/wblgala-grey-denim-bermuda\/#breadcrumb"},"inLanguage":"de","potentialAction":[{"@type":"ReadAction","target":["https:\/\/stylestore.com\/deu\/product\/wblgala-grey-denim-bermuda\/"]}]},{"@type":"ImageObject","inLanguage":"de","@id":"https:\/\/stylestore.com\/deu\/product\/wblgala-grey-denim-bermuda\/#primaryimage","url":"https:\/\/stylestore.com\/deu\/wp-content\/uploads\/sites\/4\/2026\/03\/Wbljazz_Sl_Top_Black_Wblgala_Long_Denim_Bermuda_Spring_Grey1-3.jpg","contentUrl":"https:\/\/stylestore.com\/deu\/wp-content\/uploads\/sites\/4\/2026\/03\/Wbljazz_Sl_Top_Black_Wblgala_Long_Denim_Bermuda_Spring_Grey1-3.jpg","width":901,"height":1351},{"@type":"BreadcrumbList","@id":"https:\/\/stylestore.com\/deu\/product\/wblgala-grey-denim-bermuda\/#breadcrumb","itemListElement":[{"@type":"ListItem","position":1,"name":"Search","item":"https:\/\/stylestore.com\/deu\/search\/"},{"@type":"ListItem","position":2,"name":"WBLGALA GREY DENIM BERMUDA"}]},{"@type":"WebSite","@id":"https:\/\/stylestore.com\/deu\/#website","url":"https:\/\/stylestore.com\/deu\/","name":"Stylestore.com Germany","description":"","potentialAction":[{"@type":"SearchAction","target":{"@type":"EntryPoint","urlTemplate":"https:\/\/stylestore.com\/deu\/?s={search_term_string}"},"query-input":{"@type":"PropertyValueSpecification","valueRequired":true,"valueName":"search_term_string"}}],"inLanguage":"de"}]}},"_links":{"self":[{"href":"https:\/\/stylestore.com\/deu\/wp-json\/wp\/v2\/product\/565391","targetHints":{"allow":["GET"]}}],"collection":[{"href":"https:\/\/stylestore.com\/deu\/wp-json\/wp\/v2\/product"}],"about":[{"href":"https:\/\/stylestore.com\/deu\/wp-json\/wp\/v2\/types\/product"}],"wp:featuredmedia":[{"embeddable":true,"href":"https:\/\/stylestore.com\/deu\/wp-json\/wp\/v2\/media\/620528"}],"wp:attachment":[{"href":"https:\/\/stylestore.com\/deu\/wp-json\/wp\/v2\/media?parent=565391"}],"wp:term":[{"taxonomy":"product_brand","embeddable":true,"href":"https:\/\/stylestore.com\/deu\/wp-json\/wp\/v2\/product_brand?post=565391"},{"taxonomy":"product_cat","embeddable":true,"href":"https:\/\/stylestore.com\/deu\/wp-json\/wp\/v2\/product_cat?post=565391"},{"taxonomy":"product_tag","embeddable":true,"href":"https:\/\/stylestore.com\/deu\/wp-json\/wp\/v2\/product_tag?post=565391"}],"curies":[{"name":"wp","href":"https:\/\/api.w.org\/{rel}","templated":true}]}}