{"id":553364,"date":"2024-09-02T14:22:57","date_gmt":"2024-09-02T12:22:57","guid":{"rendered":"https:\/\/stylestore.com\/deu\/product\/wblgala-denim-skirt\/"},"modified":"2026-04-23T08:05:21","modified_gmt":"2026-04-23T06:05:21","slug":"wblgala-denim-skirt","status":"publish","type":"product","link":"https:\/\/stylestore.com\/deu\/product\/wblgala-denim-skirt\/","title":{"rendered":"WBLGALA DENIM SKIRT"},"content":{"rendered":"<p>Klassischer Jeans-Bleistiftrock<br \/>\nSchlitze an der Seite<br \/>\nKein Stretch<br \/>\nNormale Taille<br \/>\nLockere Passform<br \/>\nWeite Beine<br \/>\nAbgerundete Vordertaschen und M\u00fcnztasche<br \/>\nPasse auf dem R\u00fccken<br \/>\nN\u00e4hte an den Ges\u00e4\u00dftaschen<br \/>\nMidi-L\u00e4nge<br \/>\nTaillenbund und G\u00fcrtelschlaufen<br \/>\nSchlie\u00dft mit Knopf und Rei\u00dfverschluss<\/p>\n","protected":false},"excerpt":{"rendered":"","protected":false},"featured_media":553929,"template":"","meta":{"_acf_changed":false},"product_brand":[],"product_cat":[110,21],"product_tag":[1871],"class_list":{"0":"post-553364","1":"product","2":"type-product","3":"status-publish","4":"has-post-thumbnail","6":"product_cat-roecke-must-haves","7":"product_cat-unterteile","8":"product_tag-b2b","9":"pa_brand-withblack","10":"pa_collection-scandinavi","11":"pa_color-summer-blue","14":"instock","15":"taxable","16":"shipping-taxable","17":"purchasable","18":"product-type-variable"},"acf":[],"yoast_head":"<!-- This site is optimized with the Yoast SEO plugin v23.8 - https:\/\/yoast.com\/wordpress\/plugins\/seo\/ -->\n<title>WBLGALA DENIM SKIRT &#187; Stylestore.com Germany<\/title>\n<meta name=\"description\" content=\"Klassischer Jeansrock in Midil\u00e4nge mit Seitenschlitzen. Er hat eine normale Taille, eine lockere Passform und zeitlose Denim-Details.\" \/>\n<meta name=\"robots\" content=\"index, follow, max-snippet:-1, max-image-preview:large, max-video-preview:-1\" \/>\n<link rel=\"canonical\" href=\"https:\/\/stylestore.com\/deu\/product\/wblgala-denim-skirt\/\" \/>\n<meta property=\"og:locale\" content=\"de_DE\" \/>\n<meta property=\"og:type\" content=\"article\" \/>\n<meta property=\"og:title\" content=\"WBLGALA DENIM SKIRT &#187; Stylestore.com Germany\" \/>\n<meta property=\"og:description\" content=\"Klassischer Jeansrock in Midil\u00e4nge mit Seitenschlitzen. Er hat eine normale Taille, eine lockere Passform und zeitlose Denim-Details.\" \/>\n<meta property=\"og:url\" content=\"https:\/\/stylestore.com\/deu\/product\/wblgala-denim-skirt\/\" \/>\n<meta property=\"og:site_name\" content=\"Stylestore.com Germany\" \/>\n<meta property=\"article:modified_time\" content=\"2026-04-23T06:05:21+00:00\" \/>\n<meta property=\"og:image\" content=\"https:\/\/stylestore.com\/deu\/wp-content\/uploads\/sites\/4\/2024\/09\/Wblgala_Denim_Skirt_Summer_Blue.jpg\" \/>\n\t<meta property=\"og:image:width\" content=\"1296\" \/>\n\t<meta property=\"og:image:height\" content=\"1945\" \/>\n\t<meta property=\"og:image:type\" content=\"image\/jpeg\" \/>\n<meta name=\"twitter:card\" content=\"summary_large_image\" \/>\n<script type=\"application\/ld+json\" class=\"yoast-schema-graph\">{\"@context\":\"https:\/\/schema.org\",\"@graph\":[{\"@type\":\"WebPage\",\"@id\":\"https:\/\/stylestore.com\/deu\/product\/wblgala-denim-skirt\/\",\"url\":\"https:\/\/stylestore.com\/deu\/product\/wblgala-denim-skirt\/\",\"name\":\"WBLGALA DENIM SKIRT &#187; Stylestore.com Germany\",\"isPartOf\":{\"@id\":\"https:\/\/stylestore.com\/deu\/#website\"},\"primaryImageOfPage\":{\"@id\":\"https:\/\/stylestore.com\/deu\/product\/wblgala-denim-skirt\/#primaryimage\"},\"image\":{\"@id\":\"https:\/\/stylestore.com\/deu\/product\/wblgala-denim-skirt\/#primaryimage\"},\"thumbnailUrl\":\"https:\/\/stylestore.com\/deu\/wp-content\/uploads\/sites\/4\/2024\/09\/Wblgala_Denim_Skirt_Summer_Blue.jpg\",\"datePublished\":\"2024-09-02T12:22:57+00:00\",\"dateModified\":\"2026-04-23T06:05:21+00:00\",\"description\":\"Klassischer Jeansrock in Midil\u00e4nge mit Seitenschlitzen. Er hat eine normale Taille, eine lockere Passform und zeitlose Denim-Details.\",\"breadcrumb\":{\"@id\":\"https:\/\/stylestore.com\/deu\/product\/wblgala-denim-skirt\/#breadcrumb\"},\"inLanguage\":\"de\",\"potentialAction\":[{\"@type\":\"ReadAction\",\"target\":[\"https:\/\/stylestore.com\/deu\/product\/wblgala-denim-skirt\/\"]}]},{\"@type\":\"ImageObject\",\"inLanguage\":\"de\",\"@id\":\"https:\/\/stylestore.com\/deu\/product\/wblgala-denim-skirt\/#primaryimage\",\"url\":\"https:\/\/stylestore.com\/deu\/wp-content\/uploads\/sites\/4\/2024\/09\/Wblgala_Denim_Skirt_Summer_Blue.jpg\",\"contentUrl\":\"https:\/\/stylestore.com\/deu\/wp-content\/uploads\/sites\/4\/2024\/09\/Wblgala_Denim_Skirt_Summer_Blue.jpg\",\"width\":1296,\"height\":1945},{\"@type\":\"BreadcrumbList\",\"@id\":\"https:\/\/stylestore.com\/deu\/product\/wblgala-denim-skirt\/#breadcrumb\",\"itemListElement\":[{\"@type\":\"ListItem\",\"position\":1,\"name\":\"Search\",\"item\":\"https:\/\/stylestore.com\/deu\/search\/\"},{\"@type\":\"ListItem\",\"position\":2,\"name\":\"WBLGALA DENIM SKIRT\"}]},{\"@type\":\"WebSite\",\"@id\":\"https:\/\/stylestore.com\/deu\/#website\",\"url\":\"https:\/\/stylestore.com\/deu\/\",\"name\":\"Stylestore.com Germany\",\"description\":\"\",\"potentialAction\":[{\"@type\":\"SearchAction\",\"target\":{\"@type\":\"EntryPoint\",\"urlTemplate\":\"https:\/\/stylestore.com\/deu\/?s={search_term_string}\"},\"query-input\":{\"@type\":\"PropertyValueSpecification\",\"valueRequired\":true,\"valueName\":\"search_term_string\"}}],\"inLanguage\":\"de\"}]}<\/script>\n<!-- \/ Yoast SEO plugin. -->","yoast_head_json":{"title":"WBLGALA DENIM SKIRT &#187; Stylestore.com Germany","description":"Klassischer Jeansrock in Midil\u00e4nge mit Seitenschlitzen. Er hat eine normale Taille, eine lockere Passform und zeitlose Denim-Details.","robots":{"index":"index","follow":"follow","max-snippet":"max-snippet:-1","max-image-preview":"max-image-preview:large","max-video-preview":"max-video-preview:-1"},"canonical":"https:\/\/stylestore.com\/deu\/product\/wblgala-denim-skirt\/","og_locale":"de_DE","og_type":"article","og_title":"WBLGALA DENIM SKIRT &#187; Stylestore.com Germany","og_description":"Klassischer Jeansrock in Midil\u00e4nge mit Seitenschlitzen. Er hat eine normale Taille, eine lockere Passform und zeitlose Denim-Details.","og_url":"https:\/\/stylestore.com\/deu\/product\/wblgala-denim-skirt\/","og_site_name":"Stylestore.com Germany","article_modified_time":"2026-04-23T06:05:21+00:00","og_image":[{"width":1296,"height":1945,"url":"https:\/\/stylestore.com\/deu\/wp-content\/uploads\/sites\/4\/2024\/09\/Wblgala_Denim_Skirt_Summer_Blue.jpg","type":"image\/jpeg"}],"twitter_card":"summary_large_image","schema":{"@context":"https:\/\/schema.org","@graph":[{"@type":"WebPage","@id":"https:\/\/stylestore.com\/deu\/product\/wblgala-denim-skirt\/","url":"https:\/\/stylestore.com\/deu\/product\/wblgala-denim-skirt\/","name":"WBLGALA DENIM SKIRT &#187; Stylestore.com Germany","isPartOf":{"@id":"https:\/\/stylestore.com\/deu\/#website"},"primaryImageOfPage":{"@id":"https:\/\/stylestore.com\/deu\/product\/wblgala-denim-skirt\/#primaryimage"},"image":{"@id":"https:\/\/stylestore.com\/deu\/product\/wblgala-denim-skirt\/#primaryimage"},"thumbnailUrl":"https:\/\/stylestore.com\/deu\/wp-content\/uploads\/sites\/4\/2024\/09\/Wblgala_Denim_Skirt_Summer_Blue.jpg","datePublished":"2024-09-02T12:22:57+00:00","dateModified":"2026-04-23T06:05:21+00:00","description":"Klassischer Jeansrock in Midil\u00e4nge mit Seitenschlitzen. Er hat eine normale Taille, eine lockere Passform und zeitlose Denim-Details.","breadcrumb":{"@id":"https:\/\/stylestore.com\/deu\/product\/wblgala-denim-skirt\/#breadcrumb"},"inLanguage":"de","potentialAction":[{"@type":"ReadAction","target":["https:\/\/stylestore.com\/deu\/product\/wblgala-denim-skirt\/"]}]},{"@type":"ImageObject","inLanguage":"de","@id":"https:\/\/stylestore.com\/deu\/product\/wblgala-denim-skirt\/#primaryimage","url":"https:\/\/stylestore.com\/deu\/wp-content\/uploads\/sites\/4\/2024\/09\/Wblgala_Denim_Skirt_Summer_Blue.jpg","contentUrl":"https:\/\/stylestore.com\/deu\/wp-content\/uploads\/sites\/4\/2024\/09\/Wblgala_Denim_Skirt_Summer_Blue.jpg","width":1296,"height":1945},{"@type":"BreadcrumbList","@id":"https:\/\/stylestore.com\/deu\/product\/wblgala-denim-skirt\/#breadcrumb","itemListElement":[{"@type":"ListItem","position":1,"name":"Search","item":"https:\/\/stylestore.com\/deu\/search\/"},{"@type":"ListItem","position":2,"name":"WBLGALA DENIM SKIRT"}]},{"@type":"WebSite","@id":"https:\/\/stylestore.com\/deu\/#website","url":"https:\/\/stylestore.com\/deu\/","name":"Stylestore.com Germany","description":"","potentialAction":[{"@type":"SearchAction","target":{"@type":"EntryPoint","urlTemplate":"https:\/\/stylestore.com\/deu\/?s={search_term_string}"},"query-input":{"@type":"PropertyValueSpecification","valueRequired":true,"valueName":"search_term_string"}}],"inLanguage":"de"}]}},"_links":{"self":[{"href":"https:\/\/stylestore.com\/deu\/wp-json\/wp\/v2\/product\/553364","targetHints":{"allow":["GET"]}}],"collection":[{"href":"https:\/\/stylestore.com\/deu\/wp-json\/wp\/v2\/product"}],"about":[{"href":"https:\/\/stylestore.com\/deu\/wp-json\/wp\/v2\/types\/product"}],"wp:featuredmedia":[{"embeddable":true,"href":"https:\/\/stylestore.com\/deu\/wp-json\/wp\/v2\/media\/553929"}],"wp:attachment":[{"href":"https:\/\/stylestore.com\/deu\/wp-json\/wp\/v2\/media?parent=553364"}],"wp:term":[{"taxonomy":"product_brand","embeddable":true,"href":"https:\/\/stylestore.com\/deu\/wp-json\/wp\/v2\/product_brand?post=553364"},{"taxonomy":"product_cat","embeddable":true,"href":"https:\/\/stylestore.com\/deu\/wp-json\/wp\/v2\/product_cat?post=553364"},{"taxonomy":"product_tag","embeddable":true,"href":"https:\/\/stylestore.com\/deu\/wp-json\/wp\/v2\/product_tag?post=553364"}],"curies":[{"name":"wp","href":"https:\/\/api.w.org\/{rel}","templated":true}]}}