{"id":550146,"date":"2024-06-28T11:15:39","date_gmt":"2024-06-28T09:15:39","guid":{"rendered":"https:\/\/stylestore.com\/deu\/product\/wblvanilla-bomber-jacket\/"},"modified":"2026-04-11T08:05:36","modified_gmt":"2026-04-11T06:05:36","slug":"wblvanilla-bomber-jacket","status":"publish","type":"product","link":"https:\/\/stylestore.com\/deu\/product\/wblvanilla-bomber-jacket\/","title":{"rendered":"WBLVANILLA BOMBER JACKET"},"content":{"rendered":"<p>Bomberjacke in Stretch-Qualit\u00e4t<br \/>\nRei\u00dfverschluss<br \/>\nStehkragen<br \/>\nRaglan\u00e4rmel<br \/>\nPaspeltaschen vorne<br \/>\nElastik an \u00c4rmelsaum und Rumpf<br \/>\ngef\u00fcttert<br \/>\nnormale Passform<br \/>\nL\u00e4nge unterhalb der Taille<br \/>\nFalten-Detail am R\u00fccken<\/p>\n","protected":false},"excerpt":{"rendered":"","protected":false},"featured_media":576500,"template":"","meta":{"_acf_changed":false},"product_brand":[],"product_cat":[18,115],"product_tag":[1871],"class_list":{"0":"post-550146","1":"product","2":"type-product","3":"status-publish","4":"has-post-thumbnail","6":"product_cat-jacken","7":"product_cat-kurze-jacken","8":"product_tag-b2b","9":"pa_brand-withblack","10":"pa_collection-effortless","11":"pa_color-desert-taupe-melange","14":"instock","15":"taxable","16":"shipping-taxable","17":"purchasable","18":"product-type-variable"},"acf":[],"yoast_head":"<!-- This site is optimized with the Yoast SEO plugin v23.8 - https:\/\/yoast.com\/wordpress\/plugins\/seo\/ -->\n<title>WBLVANILLA BOMBER JACKET &#187; Stylestore.com Germany<\/title>\n<meta name=\"description\" content=\"Stylische Bomberjacke in Stretch-Qualit\u00e4t mit regul\u00e4rer Passform und einer L\u00e4nge unterhalb der Taille. Rei\u00dfverschluss, Raglan\u00e4rmel und Plissee-Detail auf der R\u00fcckseite sorgen f\u00fcr einen modernen und sportlichen Look. Perfekt f\u00fcr den Alltag und als Lagenlook!\" \/>\n<meta name=\"robots\" content=\"index, follow, max-snippet:-1, max-image-preview:large, max-video-preview:-1\" \/>\n<link rel=\"canonical\" href=\"https:\/\/stylestore.com\/deu\/product\/wblvanilla-bomber-jacket\/\" \/>\n<meta property=\"og:locale\" content=\"de_DE\" \/>\n<meta property=\"og:type\" content=\"article\" \/>\n<meta property=\"og:title\" content=\"WBLVANILLA BOMBER JACKET &#187; Stylestore.com Germany\" \/>\n<meta property=\"og:description\" content=\"Stylische Bomberjacke in Stretch-Qualit\u00e4t mit regul\u00e4rer Passform und einer L\u00e4nge unterhalb der Taille. Rei\u00dfverschluss, Raglan\u00e4rmel und Plissee-Detail auf der R\u00fcckseite sorgen f\u00fcr einen modernen und sportlichen Look. Perfekt f\u00fcr den Alltag und als Lagenlook!\" \/>\n<meta property=\"og:url\" content=\"https:\/\/stylestore.com\/deu\/product\/wblvanilla-bomber-jacket\/\" \/>\n<meta property=\"og:site_name\" content=\"Stylestore.com Germany\" \/>\n<meta property=\"article:modified_time\" content=\"2026-04-11T06:05:36+00:00\" \/>\n<meta property=\"og:image\" content=\"https:\/\/stylestore.com\/deu\/wp-content\/uploads\/sites\/4\/2024\/12\/Wblvanilla_Bomber_Jacket_Desert_Taupe_Melange1.jpg\" \/>\n\t<meta property=\"og:image:width\" content=\"1114\" \/>\n\t<meta property=\"og:image:height\" content=\"1671\" \/>\n\t<meta property=\"og:image:type\" content=\"image\/jpeg\" \/>\n<meta name=\"twitter:card\" content=\"summary_large_image\" \/>\n<script type=\"application\/ld+json\" class=\"yoast-schema-graph\">{\"@context\":\"https:\/\/schema.org\",\"@graph\":[{\"@type\":\"WebPage\",\"@id\":\"https:\/\/stylestore.com\/deu\/product\/wblvanilla-bomber-jacket\/\",\"url\":\"https:\/\/stylestore.com\/deu\/product\/wblvanilla-bomber-jacket\/\",\"name\":\"WBLVANILLA BOMBER JACKET &#187; Stylestore.com Germany\",\"isPartOf\":{\"@id\":\"https:\/\/stylestore.com\/deu\/#website\"},\"primaryImageOfPage\":{\"@id\":\"https:\/\/stylestore.com\/deu\/product\/wblvanilla-bomber-jacket\/#primaryimage\"},\"image\":{\"@id\":\"https:\/\/stylestore.com\/deu\/product\/wblvanilla-bomber-jacket\/#primaryimage\"},\"thumbnailUrl\":\"https:\/\/stylestore.com\/deu\/wp-content\/uploads\/sites\/4\/2025\/03\/Wblvanilla_Bomber_Jacket_Desert_Taupe_Melange1-2.jpg\",\"datePublished\":\"2024-06-28T09:15:39+00:00\",\"dateModified\":\"2026-04-11T06:05:36+00:00\",\"description\":\"Stylische Bomberjacke in Stretch-Qualit\u00e4t mit regul\u00e4rer Passform und einer L\u00e4nge unterhalb der Taille. Rei\u00dfverschluss, Raglan\u00e4rmel und Plissee-Detail auf der R\u00fcckseite sorgen f\u00fcr einen modernen und sportlichen Look. Perfekt f\u00fcr den Alltag und als Lagenlook!\",\"breadcrumb\":{\"@id\":\"https:\/\/stylestore.com\/deu\/product\/wblvanilla-bomber-jacket\/#breadcrumb\"},\"inLanguage\":\"de\",\"potentialAction\":[{\"@type\":\"ReadAction\",\"target\":[\"https:\/\/stylestore.com\/deu\/product\/wblvanilla-bomber-jacket\/\"]}]},{\"@type\":\"ImageObject\",\"inLanguage\":\"de\",\"@id\":\"https:\/\/stylestore.com\/deu\/product\/wblvanilla-bomber-jacket\/#primaryimage\",\"url\":\"https:\/\/stylestore.com\/deu\/wp-content\/uploads\/sites\/4\/2025\/03\/Wblvanilla_Bomber_Jacket_Desert_Taupe_Melange1-2.jpg\",\"contentUrl\":\"https:\/\/stylestore.com\/deu\/wp-content\/uploads\/sites\/4\/2025\/03\/Wblvanilla_Bomber_Jacket_Desert_Taupe_Melange1-2.jpg\",\"width\":1114,\"height\":1671},{\"@type\":\"BreadcrumbList\",\"@id\":\"https:\/\/stylestore.com\/deu\/product\/wblvanilla-bomber-jacket\/#breadcrumb\",\"itemListElement\":[{\"@type\":\"ListItem\",\"position\":1,\"name\":\"Search\",\"item\":\"https:\/\/stylestore.com\/deu\/search\/\"},{\"@type\":\"ListItem\",\"position\":2,\"name\":\"WBLVANILLA BOMBER JACKET\"}]},{\"@type\":\"WebSite\",\"@id\":\"https:\/\/stylestore.com\/deu\/#website\",\"url\":\"https:\/\/stylestore.com\/deu\/\",\"name\":\"Stylestore.com Germany\",\"description\":\"\",\"potentialAction\":[{\"@type\":\"SearchAction\",\"target\":{\"@type\":\"EntryPoint\",\"urlTemplate\":\"https:\/\/stylestore.com\/deu\/?s={search_term_string}\"},\"query-input\":{\"@type\":\"PropertyValueSpecification\",\"valueRequired\":true,\"valueName\":\"search_term_string\"}}],\"inLanguage\":\"de\"}]}<\/script>\n<!-- \/ Yoast SEO plugin. -->","yoast_head_json":{"title":"WBLVANILLA BOMBER JACKET &#187; Stylestore.com Germany","description":"Stylische Bomberjacke in Stretch-Qualit\u00e4t mit regul\u00e4rer Passform und einer L\u00e4nge unterhalb der Taille. Rei\u00dfverschluss, Raglan\u00e4rmel und Plissee-Detail auf der R\u00fcckseite sorgen f\u00fcr einen modernen und sportlichen Look. Perfekt f\u00fcr den Alltag und als Lagenlook!","robots":{"index":"index","follow":"follow","max-snippet":"max-snippet:-1","max-image-preview":"max-image-preview:large","max-video-preview":"max-video-preview:-1"},"canonical":"https:\/\/stylestore.com\/deu\/product\/wblvanilla-bomber-jacket\/","og_locale":"de_DE","og_type":"article","og_title":"WBLVANILLA BOMBER JACKET &#187; Stylestore.com Germany","og_description":"Stylische Bomberjacke in Stretch-Qualit\u00e4t mit regul\u00e4rer Passform und einer L\u00e4nge unterhalb der Taille. Rei\u00dfverschluss, Raglan\u00e4rmel und Plissee-Detail auf der R\u00fcckseite sorgen f\u00fcr einen modernen und sportlichen Look. Perfekt f\u00fcr den Alltag und als Lagenlook!","og_url":"https:\/\/stylestore.com\/deu\/product\/wblvanilla-bomber-jacket\/","og_site_name":"Stylestore.com Germany","article_modified_time":"2026-04-11T06:05:36+00:00","og_image":[{"width":1114,"height":1671,"url":"https:\/\/stylestore.com\/deu\/wp-content\/uploads\/sites\/4\/2024\/12\/Wblvanilla_Bomber_Jacket_Desert_Taupe_Melange1.jpg","type":"image\/jpeg"}],"twitter_card":"summary_large_image","schema":{"@context":"https:\/\/schema.org","@graph":[{"@type":"WebPage","@id":"https:\/\/stylestore.com\/deu\/product\/wblvanilla-bomber-jacket\/","url":"https:\/\/stylestore.com\/deu\/product\/wblvanilla-bomber-jacket\/","name":"WBLVANILLA BOMBER JACKET &#187; Stylestore.com Germany","isPartOf":{"@id":"https:\/\/stylestore.com\/deu\/#website"},"primaryImageOfPage":{"@id":"https:\/\/stylestore.com\/deu\/product\/wblvanilla-bomber-jacket\/#primaryimage"},"image":{"@id":"https:\/\/stylestore.com\/deu\/product\/wblvanilla-bomber-jacket\/#primaryimage"},"thumbnailUrl":"https:\/\/stylestore.com\/deu\/wp-content\/uploads\/sites\/4\/2025\/03\/Wblvanilla_Bomber_Jacket_Desert_Taupe_Melange1-2.jpg","datePublished":"2024-06-28T09:15:39+00:00","dateModified":"2026-04-11T06:05:36+00:00","description":"Stylische Bomberjacke in Stretch-Qualit\u00e4t mit regul\u00e4rer Passform und einer L\u00e4nge unterhalb der Taille. Rei\u00dfverschluss, Raglan\u00e4rmel und Plissee-Detail auf der R\u00fcckseite sorgen f\u00fcr einen modernen und sportlichen Look. Perfekt f\u00fcr den Alltag und als Lagenlook!","breadcrumb":{"@id":"https:\/\/stylestore.com\/deu\/product\/wblvanilla-bomber-jacket\/#breadcrumb"},"inLanguage":"de","potentialAction":[{"@type":"ReadAction","target":["https:\/\/stylestore.com\/deu\/product\/wblvanilla-bomber-jacket\/"]}]},{"@type":"ImageObject","inLanguage":"de","@id":"https:\/\/stylestore.com\/deu\/product\/wblvanilla-bomber-jacket\/#primaryimage","url":"https:\/\/stylestore.com\/deu\/wp-content\/uploads\/sites\/4\/2025\/03\/Wblvanilla_Bomber_Jacket_Desert_Taupe_Melange1-2.jpg","contentUrl":"https:\/\/stylestore.com\/deu\/wp-content\/uploads\/sites\/4\/2025\/03\/Wblvanilla_Bomber_Jacket_Desert_Taupe_Melange1-2.jpg","width":1114,"height":1671},{"@type":"BreadcrumbList","@id":"https:\/\/stylestore.com\/deu\/product\/wblvanilla-bomber-jacket\/#breadcrumb","itemListElement":[{"@type":"ListItem","position":1,"name":"Search","item":"https:\/\/stylestore.com\/deu\/search\/"},{"@type":"ListItem","position":2,"name":"WBLVANILLA BOMBER JACKET"}]},{"@type":"WebSite","@id":"https:\/\/stylestore.com\/deu\/#website","url":"https:\/\/stylestore.com\/deu\/","name":"Stylestore.com Germany","description":"","potentialAction":[{"@type":"SearchAction","target":{"@type":"EntryPoint","urlTemplate":"https:\/\/stylestore.com\/deu\/?s={search_term_string}"},"query-input":{"@type":"PropertyValueSpecification","valueRequired":true,"valueName":"search_term_string"}}],"inLanguage":"de"}]}},"_links":{"self":[{"href":"https:\/\/stylestore.com\/deu\/wp-json\/wp\/v2\/product\/550146","targetHints":{"allow":["GET"]}}],"collection":[{"href":"https:\/\/stylestore.com\/deu\/wp-json\/wp\/v2\/product"}],"about":[{"href":"https:\/\/stylestore.com\/deu\/wp-json\/wp\/v2\/types\/product"}],"wp:featuredmedia":[{"embeddable":true,"href":"https:\/\/stylestore.com\/deu\/wp-json\/wp\/v2\/media\/576500"}],"wp:attachment":[{"href":"https:\/\/stylestore.com\/deu\/wp-json\/wp\/v2\/media?parent=550146"}],"wp:term":[{"taxonomy":"product_brand","embeddable":true,"href":"https:\/\/stylestore.com\/deu\/wp-json\/wp\/v2\/product_brand?post=550146"},{"taxonomy":"product_cat","embeddable":true,"href":"https:\/\/stylestore.com\/deu\/wp-json\/wp\/v2\/product_cat?post=550146"},{"taxonomy":"product_tag","embeddable":true,"href":"https:\/\/stylestore.com\/deu\/wp-json\/wp\/v2\/product_tag?post=550146"}],"curies":[{"name":"wp","href":"https:\/\/api.w.org\/{rel}","templated":true}]}}